{"id":413,"date":"2024-02-24T04:48:27","date_gmt":"2024-02-24T03:48:27","guid":{"rendered":"https:\/\/youatwork.learnadapt.work\/?page_id=413"},"modified":"2026-04-07T12:40:44","modified_gmt":"2026-04-07T10:40:44","slug":"program","status":"publish","type":"page","link":"https:\/\/youatwork.learnadapt.work\/index.php\/program\/","title":{"rendered":"TEDxF\u00e9b\u00e9"},"content":{"rendered":"<div class=\"brz-root__container brz-reset-all brz brz-root__container-page\">\n<section id=\"_z3j3xhmFNEcz\" class=\"brz-section brz-css-ot544p brz-css-1esinw7\">\n<div class=\"brz-section__content brz-section--boxed brz-css-iuncja brz-css-1wf4tyh\" data-brz-custom-id=\"dyGmYKqAw9eT\">\n<div class=\"brz-bg\">\n<div class=\"brz-bg-image\"><\/div>\n<div class=\"brz-bg-color\"><\/div>\n<\/div>\n<div class=\"brz-container brz-css-3s5jff\">\n<div class=\"brz-row__container brz-css-vyy2sn\" data-brz-custom-id=\"pWyLAo7EArt1\">\n<div class=\"brz-bg\"><\/div>\n<div class=\"brz-row brz-css-1g98ku9 brz-css-1kzqu1b\">\n<div class=\"brz-columns brz-css-12r8ipe brz-css-1uwynr1\" data-brz-custom-id=\"h5Jw8pfFDTma\">\n<div class=\"brz-bg\"><\/div>\n<div class=\"brz-column__items brz-css-ntps9m brz-css-hjas5c\">\n<div id=\"\" class=\"brz-css-xnl99 brz-css-v7cjzl brz-wrapper\">\n<div class=\"brz-rich-text brz-rich-text__custom brz-css-14ggjpj\" data-brz-custom-id=\"zPKBkLJqtmzR\">\n<div data-brz-translate-text=\"1\">\n<h1 class=\"brz-text-lg-center brz-tp-lg-heading1 brz-mt-lg-10 brz-mb-lg-10 brz-ff-oxygen brz-ft-google brz-fs-lg-72 brz-fss-lg-px brz-fw-lg-700 brz-ls-lg-1 brz-lh-lg-1_4 brz-vfw-lg-400 brz-fwdth-lg-100 brz-fsft-lg-0 brz-css-bjrMu\" data-generated-css=\"brz-css-cifIL\" data-uniq-id=\"bJMPF\"><strong class=\"brz-scp-color2\">TEDx<\/strong><strong class=\"brz-cp-color8 brz-scp-color2\">F\u00e9b\u00e9<\/strong><\/h1>\n<\/div>\n<\/div>\n<\/div>\n<\/div>\n<\/div>\n<\/div>\n<\/div>\n<div class=\"brz-wrapper-clone brz-css-1itipo1\">\n<div class=\"brz-d-xs-flex brz-flex-xs-wrap brz-css-12nknya brz-css-6mshaj\" data-brz-custom-id=\"\">\n<div class=\"brz-wrapper-clone__item\" id=\"cYJ7KqKDWDsx\"><a class=\"brz-a brz-btn brz-css-ok05yu brz-css-1f0pzzy brz-css-13th5op brz-css-1k1onv1\" href=\"\" target=\"_self\" rel=\"noopener\" data-brz-link-type=\"page\" data-brz-custom-id=\"cYJ7KqKDWDsx\"><span data-brz-translate-text=\"1\" class=\"brz-span brz-text__editor\"><\/span><\/a><\/div>\n<div class=\"brz-wrapper-clone__item\" id=\"a0TwB2ZAWhRj\"><a class=\"brz-a brz-btn brz-css-ok05yu brz-css-1sxjeb3 brz-css-13th5op brz-css-9dwik1\" href=\"\" target=\"_self\" rel=\"noopener\" data-brz-link-type=\"page\" data-brz-custom-id=\"a0TwB2ZAWhRj\"><span data-brz-translate-text=\"1\" class=\"brz-span brz-text__editor\"><\/span><\/a><\/div>\n<div class=\"brz-wrapper-clone__item\" id=\"v3OoLPltG3Ii\"><a class=\"brz-a brz-btn brz-css-ok05yu brz-css-11tipem brz-css-13th5op brz-css-oz7opc\" href=\"\" target=\"_self\" rel=\"noopener\" data-brz-link-type=\"page\" data-brz-custom-id=\"v3OoLPltG3Ii\"><span data-brz-translate-text=\"1\" class=\"brz-span brz-text__editor\"><\/span><\/a><\/div>\n<div class=\"brz-wrapper-clone__item\" id=\"lmHFJ_xvAHB7\"><a class=\"brz-a brz-btn brz-css-ok05yu brz-css-exyvwu brz-css-13th5op brz-css-j11grw\" href=\"\" target=\"_self\" rel=\"noopener\" data-brz-link-type=\"page\" data-brz-custom-id=\"lmHFJ_xvAHB7\"><span data-brz-translate-text=\"1\" class=\"brz-span brz-text__editor\"><\/span><\/a><\/div>\n<div class=\"brz-wrapper-clone__item\" id=\"eWo011p_E7Xq\"><a class=\"brz-a brz-btn brz-css-ok05yu brz-css-k4h67q brz-css-13th5op brz-css-3x51vm\" href=\"\" target=\"_self\" rel=\"noopener\" data-brz-link-type=\"page\" data-brz-custom-id=\"eWo011p_E7Xq\"><span data-brz-translate-text=\"1\" class=\"brz-span brz-text__editor\"><\/span><\/a><\/div>\n<\/div>\n<\/div>\n<\/div>\n<\/div>\n<\/section>\n<section id=\"_g4rt2vktwclw\" class=\"brz-section brz-css-ot544p\">\n<div class=\"brz-section__content brz-section--fullWidth brz-css-iuncja brz-css-2iosug\" data-brz-custom-id=\"gFLbvFnJJewU\">\n<div class=\"brz-bg\">\n<div class=\"brz-bg-color\"><\/div>\n<\/div>\n<div class=\"brz-container brz-css-3s5jff brz-css-1vg09w8\">\n<div class=\"brz-row__container brz-css-vyy2sn\" data-brz-custom-id=\"jQSkjIVmdPM2\">\n<div class=\"brz-bg\"><\/div>\n<div class=\"brz-row brz-css-1g98ku9 brz-css-1kzqu1b\">\n<div class=\"brz-columns brz-css-12r8ipe brz-css-rdr7sg\" data-brz-custom-id=\"a_8m2KXFo763\">\n<div class=\"brz-bg\"><\/div>\n<div class=\"brz-column__items brz-css-ntps9m brz-css-iqepy5\">\n<div id=\"\" class=\"brz-css-xnl99 brz-wrapper\">\n<div class=\"brz-rich-text brz-rich-text__custom brz-css-14ggjpj\" data-brz-custom-id=\"cs80IRqODnZX\">\n<div data-brz-translate-text=\"1\">\n<h3 data-uniq-id=\"yDC6Q\" data-generated-css=\"brz-css-po3U6\" class=\"brz-text-xs-left brz-text-lg-center brz-fs-lg-30 brz-ft-google brz-ff-roboto brz-fsft-lg-0 brz-fwdth-lg-100 brz-vfw-lg-400 brz-lh-lg-1_4 brz-ls-lg-0 brz-fw-lg-500 brz-fss-lg-px brz-mb-lg-10 brz-mt-lg-10 brz-tp-xs-subtitle brz-tp-lg-subtitle brz-css-gxYcD\"><strong class=\"brz-capitalize-on\">X<\/strong><strong class=\"brz-capitalize-on brz-cp-color2\">=INDEPENDENTLY ORGANIZED TEX EVENT<\/strong><\/h3>\n<\/div>\n<\/div>\n<\/div>\n<div id=\"\" class=\"brz-css-xnl99 brz-wrapper\">\n<div class=\"brz-rich-text brz-rich-text__custom brz-css-14ggjpj\" data-brz-custom-id=\"jic39xlwrE0R\">\n<div data-brz-translate-text=\"1\">\n<h3 class=\"brz-tp-lg-heading3 brz-text-xs-left brz-text-lg-center brz-css-etmIL\" data-uniq-id=\"k3594\" data-generated-css=\"brz-css-hkFi0\"><span class=\"brz-cp-color1,color2\" style=\"color: var(--tw-prose-bold)\">Explore the World of <\/span><span>TEDx<\/span><span class=\"brz-cp-color1,color2\" style=\"color: var(--tw-prose-bold)\">F\u00e9b\u00e9 and <\/span><span class=\"brz-cp-color1\">You<\/span><span class=\"brz-cp-color1,color2\" style=\"color: var(--tw-prose-bold)\">@<\/span><span class=\"brz-cp-color3\">Work<\/span><span class=\"brz-cp-color1,color2\" style=\"color: var(--tw-prose-bold)\">: A Fusion of Innovation and Inspiration<\/span><\/h3>\n<\/div>\n<\/div>\n<\/div>\n<\/div>\n<\/div>\n<\/div>\n<\/div>\n<div id=\"\" class=\"brz-css-xnl99 brz-css-1ibprcz brz-wrapper\">\n<div class=\"brz-spacer brz-css-19cs7ji brz-css-8mlb0v\"><\/div>\n<\/div>\n<div class=\"brz-row__container brz-css-vyy2sn\" data-brz-custom-id=\"bqcIGdyVDUuW\">\n<div class=\"brz-bg\"><\/div>\n<div class=\"brz-row brz-css-1g98ku9 brz-css-1kzqu1b\">\n<div class=\"brz-columns brz-css-12r8ipe brz-css-1wmux0c\" data-brz-custom-id=\"vte78QCHlzzR\">\n<div class=\"brz-bg\"><\/div>\n<div class=\"brz-column__items brz-css-ntps9m brz-css-1by23r4\">\n<div id=\"\" class=\"brz-css-xnl99 brz-wrapper\">\n<div class=\"brz-rich-text brz-rich-text__custom brz-css-14ggjpj\" data-brz-custom-id=\"hmepio2Lcoen\">\n<div data-brz-translate-text=\"1\">\n<p class=\"brz-tp-xs-heading3 brz-text-lg-justify brz-tp-lg-paragraph brz-css-kc2ms\" data-uniq-id=\"eL146\" data-generated-css=\"brz-css-qnx82\"><span>At Learn &amp; Adapt, our passion lies in guiding individuals and organizations through constant adaptation to the ever-evolving world of work. It is in this spirit that we are excited to introduce TEDxF\u00e9b\u00e9, an ambitious initiative aimed at catalyzing thought and fostering positive change within our community.<\/span><\/p>\n<p class=\"brz-tp-xs-heading3 brz-text-lg-justify brz-tp-lg-paragraph brz-css-mjqkE\" data-uniq-id=\"auvkR\" data-generated-css=\"brz-css-a9645\"><\/p>\n<h4 class=\"brz-tp-xs-heading3 brz-text-lg-center brz-tp-lg-heading4 brz-css-kED5a\" data-uniq-id=\"wxW8t\" data-generated-css=\"brz-css-zLpVd\"><span>About TEDxF\u00e9b\u00e9<\/span><\/h4>\n<h4 data-uniq-id=\"wxW8t\" data-generated-css=\"brz-css-zLpVd\" class=\"brz-tp-lg-heading4 brz-text-lg-center brz-tp-xs-heading3 brz-css-yzU1u\"><span> <\/span><\/h4>\n<p class=\"brz-tp-lg-paragraph brz-text-lg-left brz-css-byyRC\" data-uniq-id=\"eUrfL\" data-generated-css=\"brz-css-l0qOQ\"><span class=\"brz-cp-color7\">TEDxF\u00e9b\u00e9 is not just an ordinary conference; it is an immersive experience where the most innovative ideas meet inspiring perspectives. Inspired by the TED movement, TEDxF\u00e9b\u00e9 is a local, self-organized platform that brings together curious minds and passionate thinkers to share their ideas and experiences. At the heart of TEDxF\u00e9b\u00e9 lies the belief that ideas worth spreading and that each individual has the power to catalyze change.. <\/span><\/p>\n<p class=\"brz-tp-lg-paragraph brz-text-lg-left brz-css-jr_8p\" data-uniq-id=\"job6q\" data-generated-css=\"brz-css-ubcVe\"><span class=\"brz-cp-color7\"> <\/span><\/p>\n<h4 class=\"brz-tp-xs-heading3 brz-text-lg-center brz-tp-lg-heading4 brz-css-iccHE\" data-uniq-id=\"e1zmh\" data-generated-css=\"brz-css-cEBm0\"><span class=\"brz-cp-color7\">Why Attend TEDxF\u00e9b\u00e9<\/span><\/h4>\n<h4 data-uniq-id=\"e1zmh\" data-generated-css=\"brz-css-cEBm0\" class=\"brz-tp-lg-heading4 brz-text-lg-center brz-tp-xs-heading3 brz-css-iTjvd\"><span class=\"brz-cp-color7\"> <\/span><\/h4>\n<p class=\"brz-tp-lg-paragraph brz-text-lg-left brz-css-v1KCT\" data-uniq-id=\"rJ7o8\" data-generated-css=\"brz-css-gM2kI\"><span class=\"brz-cp-color7\">Attending TEDxF\u00e9b\u00e9 offers a myriad of direct benefits. Firstly, it is a unique opportunity to discover fresh and inspiring perspectives on a variety of topics ranging from technological innovation to personal growth. By attending the speeches of our passionate speakers, you will be exposed to innovative ideas that could transform your way of thinking and working.<\/span><\/p>\n<p class=\"brz-tp-lg-paragraph brz-text-lg-left brz-css-vgbgv\" data-uniq-id=\"dXmM_\" data-generated-css=\"brz-css-oIXsj\"><span class=\"brz-cp-color7\"> <\/span><\/p>\n<p class=\"brz-tp-lg-paragraph brz-text-lg-left brz-css-xnXkD\" data-uniq-id=\"wLVPA\" data-generated-css=\"brz-css-rUWPG\"><span class=\"brz-cp-color7\">Moreover, TEDxF\u00e9b\u00e9 provides a valuable networking opportunity to connect with like-minded individuals. Meet dynamic professionals, visionary entrepreneurs, and thought leaders in an environment conducive to idea exchange and collaboration.<\/span><\/p>\n<p class=\"brz-tp-lg-paragraph brz-text-lg-left brz-css-bQ1Vl\" data-uniq-id=\"yJeNU\" data-generated-css=\"brz-css-vKkxC\"><span class=\"brz-cp-color7\"> <\/span><\/p>\n<p class=\"brz-tp-lg-paragraph brz-text-lg-left brz-css-nRa5m\" data-uniq-id=\"w1yu2\" data-generated-css=\"brz-css-vqTL3\"><span class=\"brz-cp-color7\">Lastly, by participating in TEDxF\u00e9b\u00e9, you contribute to a global movement aimed at promoting knowledge sharing and inspiration worldwide. Your presence supports our mission to stimulate thought and foster positive change within our community<\/span><\/p>\n<p class=\"brz-tp-lg-paragraph brz-text-lg-left brz-css-icBJp\" data-uniq-id=\"zqj0O\" data-generated-css=\"brz-css-wP91u\"><span class=\"brz-cp-color7\"> <\/span><\/p>\n<h4 class=\"brz-tp-lg-heading4 brz-text-lg-center brz-tp-xs-heading3 brz-css-jhDSb\" data-uniq-id=\"pg_p8\" data-generated-css=\"brz-css-aexOb\"><span class=\"brz-cp-color7\">Join Us for a Day of Inspiration and Innovation<\/span><\/h4>\n<h4 data-uniq-id=\"pg_p8\" data-generated-css=\"brz-css-aexOb\" class=\"brz-tp-lg-heading4 brz-text-lg-center brz-tp-xs-heading3 brz-css-sDPOY\"><span class=\"brz-cp-color7\"> <\/span><\/h4>\n<p class=\"brz-tp-lg-paragraph brz-text-lg-left brz-css-erEK1\" data-uniq-id=\"p6MEj\" data-generated-css=\"brz-css-tT0_a\"><span class=\"brz-cp-color7\">We invite you to join us for an unforgettable day of dynamic talks, stimulating discussions, and captivating performances. Join curious minds and passionate thinkers as we explore together the ideas shaping our world.<\/span><\/p>\n<p class=\"brz-tp-lg-paragraph brz-text-lg-left brz-css-kunBD\" data-uniq-id=\"avMUj\" data-generated-css=\"brz-css-qt63k\"><span class=\"brz-cp-color7\"> <\/span><\/p>\n<h4 class=\"brz-text-lg-center brz-tp-lg-heading4 brz-tp-xs-heading3 brz-css-cIFoo\" data-uniq-id=\"klQfC\" data-generated-css=\"brz-css-nkrbx\"><strong class=\"brz-cp-color7\">Don&#8217;t Miss Out!<\/strong><\/h4>\n<h4 data-uniq-id=\"klQfC\" data-generated-css=\"brz-css-nkrbx\" class=\"brz-tp-lg-heading4 brz-text-lg-center brz-tp-xs-heading3 brz-css-x8FPL\"><strong class=\"brz-cp-color7\"> <\/strong><\/h4>\n<p class=\"brz-tp-lg-paragraph brz-text-lg-left brz-css-nghgh\" data-uniq-id=\"piUGn\" data-generated-css=\"brz-css-cyJ0B\"><span class=\"brz-cp-color7\">Don&#8217;t miss the opportunity to participate in TEDxF\u00e9b\u00e9 and the You@Work Conference!<\/span><\/p>\n<p class=\"brz-tp-lg-paragraph brz-text-lg-left brz-css-nvkHU\" data-uniq-id=\"jw5zO\" data-generated-css=\"brz-css-kYbu8\"><span class=\"brz-cp-color7\">Reserve your spot now for a day of inspiration, innovation, and transformation. Join us as we unite visionaries, redefine perspectives, and shape the future of work, together.<\/span><\/p>\n<p class=\"brz-text-lg-left brz-tp-lg-paragraph brz-css-onOWY\" data-uniq-id=\"jw5zO\" data-generated-css=\"brz-css-kYbu8\"><span class=\"brz-cp-color7\"> <\/span><\/p>\n<p class=\"brz-bcp-color7 brz-text-lg-justify brz-tp-lg-button brz-css-wdG4X\" data-uniq-id=\"vPnVo\" data-generated-css=\"brz-css-qFfNO\"><a class=\"link--external\" href=\"https:\/\/habsatounadia.com\/archives\/2564\" data-brz-link-type=\"external\" target=\"_blank\"><strong>Discover the article on Nadia&#8217;s latest TEDx experience<\/strong><\/a><\/p>\n<\/div>\n<\/div>\n<\/div>\n<div class=\"brz-row__container brz-css-vyy2sn\" data-brz-custom-id=\"oLaqVj8gQxeu\">\n<div class=\"brz-bg\"><\/div>\n<div class=\"brz-row brz-row--inner brz-css-1g98ku9 brz-css-1kzqu1b\">\n<div class=\"brz-columns brz-css-12r8ipe brz-css-4g44tc\" data-brz-custom-id=\"yCPvk7cbt0mW\">\n<div class=\"brz-bg\"><\/div>\n<div class=\"brz-column__items brz-css-ntps9m brz-css-362azm\">\n<div id=\"\" class=\"brz-css-xnl99 brz-css-1emi7bd brz-wrapper\">\n<div data-brz-end=\"27\/04\/2024\" data-brz-hours=\"11 am\" data-brz-minutes=\"30\" data-brz-timezone=\"-60\" data-brz-link-type=\"linkAction\" data-brz-redirect=\"\" data-brz-translatable-message=\"Congratulation!\" data-brz-action=\"none\" class=\"brz-countdown2 brz-countdown2-style1 brz-css-kbhhl7 brz-css-qizwm2\" data-brz-custom-id=\"tKrDOOcL4BCI\">\n<div class=\"brz-countdown2-parts\">\n<div class=\"brz-countdown2__item brz-countdown2__days brz-countdown2_custom\">\n<div class=\"brz-countdown2__number\">00<\/div>\n<div class=\"brz-countdown2__label\"><span data-brz-translate-text=\"1\" class=\"brz-span brz-text__editor\">days<\/span><\/div>\n<\/div>\n<div class=\"brz-countdown2__item brz-countdown2__hours brz-countdown2_custom\">\n<div class=\"brz-countdown2__number\">00<\/div>\n<div class=\"brz-countdown2__label\"><span data-brz-translate-text=\"1\" class=\"brz-span brz-text__editor\">hours<\/span><\/div>\n<\/div>\n<div class=\"brz-countdown2__item brz-countdown2__minutes brz-countdown2_custom\">\n<div class=\"brz-countdown2__number\">00<\/div>\n<div class=\"brz-countdown2__label\"><span data-brz-translate-text=\"1\" class=\"brz-span brz-text__editor\">minutes<\/span><\/div>\n<\/div>\n<div class=\"brz-countdown2__item brz-countdown2__seconds brz-countdown2_custom\">\n<div class=\"brz-countdown2__number\">00<\/div>\n<div class=\"brz-countdown2__label\"><span data-brz-translate-text=\"1\" class=\"brz-span brz-text__editor\">seconds<\/span><\/div>\n<\/div>\n<\/div>\n<\/div>\n<\/div>\n<\/div>\n<\/div>\n<\/div>\n<\/div>\n<div class=\"brz-wrapper-clone brz-css-1itipo1\">\n<div class=\"brz-d-xs-flex brz-flex-xs-wrap brz-css-12nknya brz-css-1uibb32\" data-brz-custom-id=\"\">\n<div class=\"brz-wrapper-clone__item\" id=\"z1RlB1GhoogZ\"><a class=\"brz-a brz-btn brz-css-ok05yu brz-css-gatyz0 brz-css-13th5op brz-css-uvm7lj\" href=\"\" target=\"_self\" rel=\"noopener\" data-brz-link-type=\"page\" data-brz-custom-id=\"z1RlB1GhoogZ\"><span data-brz-translate-text=\"1\" class=\"brz-span brz-text__editor\">GET TICKETS<\/span><\/a><\/div>\n<\/div>\n<\/div>\n<\/div>\n<\/div>\n<\/div>\n<\/div>\n<\/div>\n<\/div>\n<\/section>\n<\/div>\n<p>    <!-- version:1737474575 --><\/p>\n","protected":false},"excerpt":{"rendered":"<p>TEDxF\u00e9b\u00e9 X=INDEPENDENTLY ORGANIZED TEX EVENT Explore the World of TEDxF\u00e9b\u00e9 and You@Work: A Fusion of Innovation and Inspiration At Learn &amp; Adapt, our passion lies in guiding individuals and organizations through constant adaptation to the ever-evolving world of work. It is in this spirit that we are excited to introduce TEDxF\u00e9b\u00e9, an ambitious initiative aimed [&hellip;]<\/p>\n","protected":false},"author":1,"featured_media":0,"parent":0,"menu_order":0,"comment_status":"closed","ping_status":"closed","template":"brizy-blank-template.php","meta":{"_joinchat":[],"footnotes":""},"class_list":["post-413","page","type-page","status-publish","hentry"],"blocksy_meta":[],"brizy_media":[{"id":1319,"url":"https:\/\/youatwork.learnadapt.work\/wp-content\/uploads\/2024\/03\/logo-TEDx-1.png","name":"logo-TEDx-1.png","meta":{"brizy_attachment_uid":"wp-9299451e03e2fd9688b8762ea9d40e70.png","brizy_post_uid":["88d19811d8bc7fbdef7e5ef5f7fea0f5","c64cddd1989645593423c63149b6b6a1"]}},{"id":1362,"url":"https:\/\/youatwork.learnadapt.work\/wp-content\/uploads\/2024\/03\/logo-TEDx-CV.png","name":"logo-TEDx-CV.png","meta":{"brizy_attachment_uid":"wp-e634ee3f369f1d4aee0917e4842e4163.png","brizy_post_uid":["c64cddd1989645593423c63149b6b6a1","88d19811d8bc7fbdef7e5ef5f7fea0f5"]}}],"_links":{"self":[{"href":"https:\/\/youatwork.learnadapt.work\/index.php\/wp-json\/wp\/v2\/pages\/413","targetHints":{"allow":["GET"]}}],"collection":[{"href":"https:\/\/youatwork.learnadapt.work\/index.php\/wp-json\/wp\/v2\/pages"}],"about":[{"href":"https:\/\/youatwork.learnadapt.work\/index.php\/wp-json\/wp\/v2\/types\/page"}],"author":[{"embeddable":true,"href":"https:\/\/youatwork.learnadapt.work\/index.php\/wp-json\/wp\/v2\/users\/1"}],"replies":[{"embeddable":true,"href":"https:\/\/youatwork.learnadapt.work\/index.php\/wp-json\/wp\/v2\/comments?post=413"}],"version-history":[{"count":11,"href":"https:\/\/youatwork.learnadapt.work\/index.php\/wp-json\/wp\/v2\/pages\/413\/revisions"}],"predecessor-version":[{"id":1425,"href":"https:\/\/youatwork.learnadapt.work\/index.php\/wp-json\/wp\/v2\/pages\/413\/revisions\/1425"}],"wp:attachment":[{"href":"https:\/\/youatwork.learnadapt.work\/index.php\/wp-json\/wp\/v2\/media?parent=413"}],"curies":[{"name":"wp","href":"https:\/\/api.w.org\/{rel}","templated":true}]}}